{"id":17,"date":"2019-06-25T09:24:06","date_gmt":"2019-06-25T07:24:06","guid":{"rendered":"http:\/\/www.edycje.innywymiar.bialystok.pl\/2019\/?page_id=17"},"modified":"2019-08-06T12:31:02","modified_gmt":"2019-08-06T10:31:02","slug":"program","status":"publish","type":"page","link":"https:\/\/edycje.innywymiar.bialystok.pl\/2019\/program\/","title":{"rendered":"Program"},"content":{"rendered":"<p><strong>Organizatorzy zastrzegaj\u0105 sobie prawo do zmian w programie. <\/strong><\/p>\n<p><strong>Wst\u0119p wolny. Na niekt\u00f3re wydarzenia, ze wzgl\u0119du na ograniczon\u0105 liczb\u0119 miejsc, obowi\u0105zuj\u0105 bezp\u0142atne wej\u015bci\u00f3wki. <\/strong><\/p>\n<p><strong><a href=\"http:\/\/www.edycje.innywymiar.bialystok.pl\/2019\/news-item\/informacje-o-wejsciowkach\/\" target=\"_blank\" rel=\"noopener noreferrer\">informacje o wej\u015bci\u00f3wkach<\/a><br \/><\/strong><\/p>\n","protected":false},"excerpt":{"rendered":"<p>Organizatorzy zastrzegaj\u0105 sobie prawo do zmian w programie. Wst\u0119p wolny. Na niekt\u00f3re wydarzenia, ze wzgl\u0119du na ograniczon\u0105 liczb\u0119 miejsc, obowi\u0105zuj\u0105 bezp\u0142atne wej\u015bci\u00f3wki. informacje o wej\u015bci\u00f3wkach<\/p>\n","protected":false},"author":1,"featured_media":6,"parent":0,"menu_order":0,"comment_status":"closed","ping_status":"closed","template":"page-templates\/programme.php","meta":{"footnotes":""},"class_list":["post-17","page","type-page","status-publish","has-post-thumbnail","hentry"],"aioseo_notices":[],"_links":{"self":[{"href":"https:\/\/edycje.innywymiar.bialystok.pl\/2019\/wp-json\/wp\/v2\/pages\/17","targetHints":{"allow":["GET"]}}],"collection":[{"href":"https:\/\/edycje.innywymiar.bialystok.pl\/2019\/wp-json\/wp\/v2\/pages"}],"about":[{"href":"https:\/\/edycje.innywymiar.bialystok.pl\/2019\/wp-json\/wp\/v2\/types\/page"}],"author":[{"embeddable":true,"href":"https:\/\/edycje.innywymiar.bialystok.pl\/2019\/wp-json\/wp\/v2\/users\/1"}],"replies":[{"embeddable":true,"href":"https:\/\/edycje.innywymiar.bialystok.pl\/2019\/wp-json\/wp\/v2\/comments?post=17"}],"version-history":[{"count":5,"href":"https:\/\/edycje.innywymiar.bialystok.pl\/2019\/wp-json\/wp\/v2\/pages\/17\/revisions"}],"predecessor-version":[{"id":301,"href":"https:\/\/edycje.innywymiar.bialystok.pl\/2019\/wp-json\/wp\/v2\/pages\/17\/revisions\/301"}],"wp:featuredmedia":[{"embeddable":true,"href":"https:\/\/edycje.innywymiar.bialystok.pl\/2019\/wp-json\/wp\/v2\/media\/6"}],"wp:attachment":[{"href":"https:\/\/edycje.innywymiar.bialystok.pl\/2019\/wp-json\/wp\/v2\/media?parent=17"}],"curies":[{"name":"wp","href":"https:\/\/api.w.org\/{rel}","templated":true}]}}

<p><strong>Organizatorzy zastrzegają sobie prawo do zmian w programie. </strong></p>
<p><strong>Wstęp wolny. Na niektóre wydarzenia, ze względu na ograniczoną liczbę miejsc, obowiązują bezpłatne wejściówki. </strong></p>
<p><strong><a href="http://www.edycje.innywymiar.bialystok.pl/2019/news-item/informacje-o-wejsciowkach/" target="_blank" rel="noopener noreferrer">informacje o wejściówkach</a><br /></strong></p>

<p>Organizatorzy zastrzegają sobie prawo do zmian w programie. Wstęp wolny. Na niektóre wydarzenia, ze względu na ograniczoną liczbę miejsc, obowiązują bezpłatne wejściówki. informacje o wejściówkach</p>
