{"id":270,"date":"2019-08-02T15:02:46","date_gmt":"2019-08-02T13:02:46","guid":{"rendered":"http:\/\/www.edycje.innywymiar.bialystok.pl\/2019\/?page_id=270"},"modified":"2019-08-07T15:05:24","modified_gmt":"2019-08-07T13:05:24","slug":"about-the-festival","status":"publish","type":"page","link":"https:\/\/edycje.innywymiar.bialystok.pl\/2019\/about-the-festival\/?lang=en","title":{"rendered":"About the festival"},"content":{"rendered":"<p><strong>The end of summer with Another Dimension!<br \/><\/strong><\/p>\n<p>This year&#8217;s The Rise of Eastern Culture, after the Rzesz\u00f3w (June 21st &#8211; 23rd) and Lublin (June 27th &#8211; 30th) editions, will end in Bia\u0142ystok with Another Dimension<strong> from August 29th to September 1st<\/strong>.<\/p>\n<p>The festival always features artists from different nationalities and cultures, including those that co-created the history and culture of our region in the past.<\/p>\n<p>The program will include a lot of events: concerts, exhibitions, performances, films, educational and musical-historical walks and family activities. The festival is coordinated by the Bia\u0142ystok Cultural Centre.<\/p>\n<p>Another Dimension festival from 2013 takes place as part of The Rise of Eastern Culture project, which integrates artistic environments of Eastern Poland cities and artists from the Eastern Partnership countries (Armenia, Azerbaijan, Belarus, Georgia, Moldova and Ukraine).<\/p>\n<p>The Rise of Eastern Culture is carried out by the Ministry of Culture and National Heritage, the National Centre of Culture and the cities of Rzesz\u00f3w, Lublin and Bia\u0142ystok. The undertaking takes place thanks to the involvement of creative communities and local authorities of eastern Poland.<\/p>\n<p><strong>Organizers:<\/strong><br \/>Ministry of Culture and National Heritage<br \/>National Centre for Culture<br \/>City of Bia\u0142ystok<br \/>Bia\u0142ystok Cultural Centre<\/p>\n<p><strong>Partners:<\/strong><br \/>Bia\u0142ystok Puppet Theatre<br \/>Pro Anima Foundation<br \/>DanceOFFnia Studio of Creative Activities<br \/>Arsena\u0142 Gallery in Bia\u0142ystok<br \/>The Sle\u0144dzi\u0144skis Gallery in Bia\u0142ystok<br \/>Maria \u017bynel and Julita Charytoniuk<br \/>\u201cPoczt\u00f3wka\u201d Cultural Association<br \/>&#8222;AB-BA&#8221; Association for the Children and Youth Learning Belarusian Language<br \/>Pogotowie Kulturalno-Spo\u0142eczne Association<br \/>Bia\u0142ystok Association of Photography<br \/>Ukrainian Institute<br \/>Cross-border Cooperation Programme Poland &#8211; Belarus &#8211; Ukraine 2014\u20132020<\/p>\n<p><strong>Honorary Patronage:<\/strong><br \/>Bia\u0142ystok City Mayor<\/p>\n<p><strong>Media patronage:<\/strong><br \/>Kultura Dost\u0119pna<br \/>Gazeta Wyborcza Bia\u0142ystok<br \/>Gazeta Wyborcza<br \/>Kurier Poranny<br \/>Bia\u0142ystokOnline.pl<br \/>TVP3 Bia\u0142ystok<br \/>Polish Radio Bia\u0142ystok<\/p>\n<p><strong>Sponsors:<\/strong><br \/>Augustowianka<br \/>Waszczukowe Brewery<\/p>\n<p><a href=\"http:\/\/wschodkultury.eu\/\" target=\"_blank\" rel=\"noopener noreferrer\">The Rise of Eastern Culture<\/a><br \/><a href=\"http:\/\/stadionkultury.pl\/\" target=\"_blank\" rel=\"noopener noreferrer\">European Stadium of Culture &#8211; Rzesz\u00f3w<\/a><br \/><a href=\"https:\/\/www.innebrzmienia.eu\/\" target=\"_blank\" rel=\"noopener noreferrer\">Different Sounds Art&amp;Music Festival &#8211; Lublin<\/a><\/p>\n","protected":false},"excerpt":{"rendered":"<p>The end of summer with Another Dimension! This year&#8217;s The Rise of Eastern Culture, after the Rzesz\u00f3w (June 21st &#8211; 23rd) and Lublin (June 27th&#8230;<\/p>\n","protected":false},"author":1,"featured_media":10,"parent":0,"menu_order":0,"comment_status":"closed","ping_status":"closed","template":"","meta":{"footnotes":""},"class_list":["post-270","page","type-page","status-publish","has-post-thumbnail","hentry"],"aioseo_notices":[],"_links":{"self":[{"href":"https:\/\/edycje.innywymiar.bialystok.pl\/2019\/wp-json\/wp\/v2\/pages\/270","targetHints":{"allow":["GET"]}}],"collection":[{"href":"https:\/\/edycje.innywymiar.bialystok.pl\/2019\/wp-json\/wp\/v2\/pages"}],"about":[{"href":"https:\/\/edycje.innywymiar.bialystok.pl\/2019\/wp-json\/wp\/v2\/types\/page"}],"author":[{"embeddable":true,"href":"https:\/\/edycje.innywymiar.bialystok.pl\/2019\/wp-json\/wp\/v2\/users\/1"}],"replies":[{"embeddable":true,"href":"https:\/\/edycje.innywymiar.bialystok.pl\/2019\/wp-json\/wp\/v2\/comments?post=270"}],"version-history":[{"count":7,"href":"https:\/\/edycje.innywymiar.bialystok.pl\/2019\/wp-json\/wp\/v2\/pages\/270\/revisions"}],"predecessor-version":[{"id":320,"href":"https:\/\/edycje.innywymiar.bialystok.pl\/2019\/wp-json\/wp\/v2\/pages\/270\/revisions\/320"}],"wp:featuredmedia":[{"embeddable":true,"href":"https:\/\/edycje.innywymiar.bialystok.pl\/2019\/wp-json\/wp\/v2\/media\/10"}],"wp:attachment":[{"href":"https:\/\/edycje.innywymiar.bialystok.pl\/2019\/wp-json\/wp\/v2\/media?parent=270"}],"curies":[{"name":"wp","href":"https:\/\/api.w.org\/{rel}","templated":true}]}}

<p><strong>The end of summer with Another Dimension!<br /></strong></p>
<p>This year&#8217;s The Rise of Eastern Culture, after the Rzeszów (June 21st &#8211; 23rd) and Lublin (June 27th &#8211; 30th) editions, will end in Białystok with Another Dimension<strong> from August 29th to September 1st</strong>.</p>
<p>The festival always features artists from different nationalities and cultures, including those that co-created the history and culture of our region in the past.</p>
<p>The program will include a lot of events: concerts, exhibitions, performances, films, educational and musical-historical walks and family activities. The festival is coordinated by the Białystok Cultural Centre.</p>
<p>Another Dimension festival from 2013 takes place as part of The Rise of Eastern Culture project, which integrates artistic environments of Eastern Poland cities and artists from the Eastern Partnership countries (Armenia, Azerbaijan, Belarus, Georgia, Moldova and Ukraine).</p>
<p>The Rise of Eastern Culture is carried out by the Ministry of Culture and National Heritage, the National Centre of Culture and the cities of Rzeszów, Lublin and Białystok. The undertaking takes place thanks to the involvement of creative communities and local authorities of eastern Poland.</p>
<p><strong>Organizers:</strong><br />Ministry of Culture and National Heritage<br />National Centre for Culture<br />City of Białystok<br />Białystok Cultural Centre</p>
<p><strong>Partners:</strong><br />Białystok Puppet Theatre<br />Pro Anima Foundation<br />DanceOFFnia Studio of Creative Activities<br />Arsenał Gallery in Białystok<br />The Sleńdzińskis Gallery in Białystok<br />Maria Żynel and Julita Charytoniuk<br />“Pocztówka” Cultural Association<br />&#8222;AB-BA&#8221; Association for the Children and Youth Learning Belarusian Language<br />Pogotowie Kulturalno-Społeczne Association<br />Białystok Association of Photography<br />Ukrainian Institute<br />Cross-border Cooperation Programme Poland &#8211; Belarus &#8211; Ukraine 2014–2020</p>
<p><strong>Honorary Patronage:</strong><br />Białystok City Mayor</p>
<p><strong>Media patronage:</strong><br />Kultura Dostępna<br />Gazeta Wyborcza Białystok<br />Gazeta Wyborcza<br />Kurier Poranny<br />BiałystokOnline.pl<br />TVP3 Białystok<br />Polish Radio Białystok</p>
<p><strong>Sponsors:</strong><br />Augustowianka<br />Waszczukowe Brewery</p>
<p><a href="http://wschodkultury.eu/" target="_blank" rel="noopener noreferrer">The Rise of Eastern Culture</a><br /><a href="http://stadionkultury.pl/" target="_blank" rel="noopener noreferrer">European Stadium of Culture &#8211; Rzeszów</a><br /><a href="https://www.innebrzmienia.eu/" target="_blank" rel="noopener noreferrer">Different Sounds Art&amp;Music Festival &#8211; Lublin</a></p>

<p>The end of summer with Another Dimension! This year&#8217;s The Rise of Eastern Culture, after the Rzeszów (June 21st &#8211; 23rd) and Lublin (June 27th&#8230;</p>
