{"id":29,"date":"2022-05-03T16:29:40","date_gmt":"2022-05-03T14:29:40","guid":{"rendered":"http:\/\/www.edycje.innywymiar.bialystok.pl\/2022\/?page_id=29"},"modified":"2022-05-03T16:29:40","modified_gmt":"2022-05-03T14:29:40","slug":"kontakt","status":"publish","type":"page","link":"https:\/\/edycje.innywymiar.bialystok.pl\/2022\/kontakt\/","title":{"rendered":"Kontakt"},"content":{"rendered":"<p><strong>Koordynator festiwalu:<\/strong><\/p>\n<p>Bia\u0142ostocki O\u015brodek Kultury<br \/>ul. Legionowa 5,<br \/>15-281 Bia\u0142ystok<br \/><a href=\"mailto:impresariat@bok.bialystok.pl\" target=\"_blank\" rel=\"noopener noreferrer\">impresariat@bok.bialystok.pl<\/a><br \/>NIP:\u00a0542-326-47-95<br \/>REGON:\u00a0366210700<br \/>Nr RIK:\u00a009\/17<\/p>\n<p><b>Osoba do kontaktu:<br \/><\/b><\/p>\n<p>Anna Talarczyk<br \/><a href=\"mailto:talarczyk@centrumzamenhofa.pl\" target=\"_blank\" rel=\"noopener\">talarczyk@centrumzamenhofa.pl<\/a><\/p>\n<p><i>Bia\u0142ostocki O\u015brodek Kultury jest miejsk\u0105 instytucj\u0105 kultury.\u00a0<\/i><i>Festiwal realizowany ze \u015brodk\u00f3w Ministerstwa Kultury i Dziedzictwa Narodowego oraz Miasta Bia\u0142ystok, pod Honorowym Patronatem Prezydenta Miasta Bia\u0142egostoku.<\/i><\/p>\n","protected":false},"excerpt":{"rendered":"<p>Koordynator festiwalu: Bia\u0142ostocki O\u015brodek Kulturyul. Legionowa 5,15-281 Bia\u0142ystokimpresariat@bok.bialystok.plNIP:\u00a0542-326-47-95REGON:\u00a0366210700Nr RIK:\u00a009\/17 Osoba do kontaktu: Anna Talarczyktalarczyk@centrumzamenhofa.pl Bia\u0142ostocki O\u015brodek Kultury jest miejsk\u0105 instytucj\u0105 kultury.\u00a0Festiwal realizowany ze \u015brodk\u00f3w Ministerstwa&#8230;<\/p>\n","protected":false},"author":1,"featured_media":9,"parent":0,"menu_order":0,"comment_status":"closed","ping_status":"closed","template":"","meta":{"footnotes":""},"class_list":["post-29","page","type-page","status-publish","has-post-thumbnail","hentry"],"aioseo_notices":[],"_links":{"self":[{"href":"https:\/\/edycje.innywymiar.bialystok.pl\/2022\/wp-json\/wp\/v2\/pages\/29","targetHints":{"allow":["GET"]}}],"collection":[{"href":"https:\/\/edycje.innywymiar.bialystok.pl\/2022\/wp-json\/wp\/v2\/pages"}],"about":[{"href":"https:\/\/edycje.innywymiar.bialystok.pl\/2022\/wp-json\/wp\/v2\/types\/page"}],"author":[{"embeddable":true,"href":"https:\/\/edycje.innywymiar.bialystok.pl\/2022\/wp-json\/wp\/v2\/users\/1"}],"replies":[{"embeddable":true,"href":"https:\/\/edycje.innywymiar.bialystok.pl\/2022\/wp-json\/wp\/v2\/comments?post=29"}],"version-history":[{"count":1,"href":"https:\/\/edycje.innywymiar.bialystok.pl\/2022\/wp-json\/wp\/v2\/pages\/29\/revisions"}],"predecessor-version":[{"id":30,"href":"https:\/\/edycje.innywymiar.bialystok.pl\/2022\/wp-json\/wp\/v2\/pages\/29\/revisions\/30"}],"wp:featuredmedia":[{"embeddable":true,"href":"https:\/\/edycje.innywymiar.bialystok.pl\/2022\/wp-json\/wp\/v2\/media\/9"}],"wp:attachment":[{"href":"https:\/\/edycje.innywymiar.bialystok.pl\/2022\/wp-json\/wp\/v2\/media?parent=29"}],"curies":[{"name":"wp","href":"https:\/\/api.w.org\/{rel}","templated":true}]}}

<p><strong>Koordynator festiwalu:</strong></p>
<p>Białostocki Ośrodek Kultury<br />ul. Legionowa 5,<br />15-281 Białystok<br /><a href="mailto:impresariat@bok.bialystok.pl" target="_blank" rel="noopener noreferrer">impresariat@bok.bialystok.pl</a><br />NIP: 542-326-47-95<br />REGON: 366210700<br />Nr RIK: 09/17</p>
<p><b>Osoba do kontaktu:<br /></b></p>
<p>Anna Talarczyk<br /><a href="mailto:talarczyk@centrumzamenhofa.pl" target="_blank" rel="noopener">talarczyk@centrumzamenhofa.pl</a></p>
<p><i>Białostocki Ośrodek Kultury jest miejską instytucją kultury. </i><i>Festiwal realizowany ze środków Ministerstwa Kultury i Dziedzictwa Narodowego oraz Miasta Białystok, pod Honorowym Patronatem Prezydenta Miasta Białegostoku.</i></p>

<p>Koordynator festiwalu: Białostocki Ośrodek Kulturyul. Legionowa 5,15-281 Białystokimpresariat@bok.bialystok.plNIP: 542-326-47-95REGON: 366210700Nr RIK: 09/17 Osoba do kontaktu: Anna Talarczyktalarczyk@centrumzamenhofa.pl Białostocki Ośrodek Kultury jest miejską instytucją kultury. Festiwal realizowany ze środków Ministerstwa&#8230;</p>
