{"id":130,"date":"2023-07-06T10:13:06","date_gmt":"2023-07-06T08:13:06","guid":{"rendered":"https:\/\/edycje.innywymiar.bialystok.pl\/2023\/?page_id=130"},"modified":"2024-07-25T15:32:31","modified_gmt":"2024-07-25T13:32:31","slug":"harmonogram","status":"publish","type":"page","link":"https:\/\/edycje.innywymiar.bialystok.pl\/2023\/harmonogram\/","title":{"rendered":"Harmonogram"},"content":{"rendered":"<p>W tym roku w programie czterech wymiar\u00f3w (muzyki, sztuki, filmu, spo\u0142eczno\u015bci) znalaz\u0142o si\u0119 ponad 30 wydarze\u0144, na kt\u00f3re wst\u0119p jest tradycyjnie bezp\u0142atny.<\/p>\n<ul>\n<li><strong>24 sierpnia 2023 (czwartek)<\/strong>\n<ul>\n<li><strong>10:00<\/strong> <em>Jak mo\u017ce brzmie\u0107 Tw\u00f3j podcast<\/em> \u2013 warsztaty dla m\u0142odzie\u017cy \/ Mi\u0142ka Malzahn<br \/>BOK\/CLZ, ul. Warszawska 19, obowi\u0105zuj\u0105 zapisy \u2013 szczeg\u00f3\u0142y wkr\u00f3tce<\/li>\n<li><strong>13:00<\/strong> <em>Future\/past<\/em> \u2013 warsztaty muzyczne dla m\u0142odzie\u017cy \/ Miss God<br \/>Pracownia Miss God, obowi\u0105zuj\u0105 zapisy: missgodmusic@gmail.com<\/li>\n<li><strong>16:30<\/strong> Lewis Hine \u2013 <em>Fotografia zaanga\u017cowana<\/em> \/ otwarcie wystawy<br \/>Bia\u0142ostocki O\u015brodek Kultury, Klub Fama, ul. Legionowa 5<\/li>\n<li><strong>17:00<\/strong> Marek Dolecki \u2013 <em>Uwa\u017cne spojrzenie<\/em> \/ otwarcie wystawy<br \/>Bia\u0142ostocki O\u015brodek Kultury, ul. Legionowa 5, foyer Forum<\/li>\n<li><strong>18:00<\/strong> Justyna Mielnikiewicz \u2013 <em>W Ukrainie<\/em> \/ otwarcie wystawy<br \/>BOK\/CLZ, Warszawska 19<\/li>\n<li><strong>19:00<\/strong> Sutari \/ koncert<br \/>BOK\/CLZ, ul. Warszawska 19<\/li>\n<li><strong>20:30<\/strong> <em>Szkice z Polski<\/em>, re\u017c. M. Bekaert \/ film z muzyk\u0105 na \u017cywo: Polski Piach i prelekcj\u0105 Micha\u0142a Pie\u0144kowskiego<br \/>Bia\u0142ostocki O\u015brodek Kultury, kino Forum, ul. Legionowa 5<\/li>\n<li><strong>22:00<\/strong> Petr Yac, Pin Park \/ koncerty<br \/>Bia\u0142ostocki O\u015brodek Kultury, klub Fama, ul. Legionowa 5<\/li>\n<\/ul>\n<\/li>\n<li><strong>25 sierpnia 2023 (pi\u0105tek)<\/strong>\n<ul>\n<li><strong>10:00<\/strong> <em>Jak mo\u017ce brzmie\u0107 Tw\u00f3j podcast<\/em> \u2013 warsztaty dla m\u0142odzie\u017cy \/ Mi\u0142ka Malzahn<br \/>BOK\/CLZ, ul. Warszawska 19, obowi\u0105zuj\u0105 zapisy \u2013 szczeg\u00f3\u0142y wkr\u00f3tce<\/li>\n<li><strong>13:00<\/strong> <em>Future\/past<\/em> \u2013 warsztaty muzyczne dla m\u0142odzie\u017cy \/ Miss God<br \/>Pracownia Miss God, obowi\u0105zuj\u0105 zapisy: missgodmusic@gmail.com<\/li>\n<li><strong>17:00<\/strong> Biele \/ koncert<br \/>BOK\/CLZ, ul. Warszawska 19<\/li>\n<li><strong>18:00<\/strong> Oxford Drama, ARS LATRANS Orchestra, Natalia Szroeder \/ koncerty plenerowe<br \/>Rynek Ko\u015bciuszki<\/li>\n<li><strong>22:00<\/strong> Kathia, Youth Novels \/ koncerty<br \/>Bia\u0142ostocki O\u015brodek Kultury, klub Fama, ul. Legionowa 5<\/li>\n<\/ul>\n<\/li>\n<li><strong>26 sierpnia (sobota)<\/strong>\n<ul>\n<li><strong>10:00<\/strong> <em>Jak mo\u017ce brzmie\u0107 Tw\u00f3j podcast<\/em> \u2013 warsztaty dla m\u0142odzie\u017cy \/ Mi\u0142ka Malzahn<br \/>BOK\/CLZ, ul. Warszawska 19, obowi\u0105zuj\u0105 zapisy \u2013 szczeg\u00f3\u0142y wkr\u00f3tce<\/li>\n<li><strong>10:00<\/strong> <em>Tajemnice Jarosz\u00f3wki \u2013 spacer przyrodniczo-historyczny<\/em>\/ Pawe\u0142 \u015aredzi\u0144ski, Grzegorz Grygoruk<br \/>Pietrasze i Jarosz\u00f3wka, obowi\u0105zuje rejestracja online \u2013 szczeg\u00f3\u0142y wkr\u00f3tce<\/li>\n<li><strong>11:00<\/strong> Diafilm live,<em> Bajki na ta\u015bmach<\/em> \/ pokaz bajek z muzyk\u0105 na \u017cywo dla dzieci 3+<br \/>Bia\u0142ostocki O\u015brodek Kultury, klub Fama, ul. Legionowa 5, obowi\u0105zuj\u0105 zapisy<\/li>\n<li><strong>12:00<\/strong> D\u017awi\u0119ki Przysz\u0142o\u015bci. Muzyka, M\u0142odzie\u017c i Kultura w Bia\u0142ymstoku \u2013 debata \/ Miss God<br \/>BOK\/CLZ, ul. Warszawska 19<\/li>\n<li><strong>14:00<\/strong> Diafilm live, <em>Bajki na ta\u015bmach<\/em> \/ pokaz bajek z muzyk\u0105 na \u017cywo dla rodzin z dzie\u0107mi 5+<br \/>Bia\u0142ostocki O\u015brodek Kultury, klub Fama, ul. Legionowa 5, wst\u0119p wolny<\/li>\n<li><strong>15:00<\/strong> <em>Zapomniane melodie \u2013 taneczne poczt\u00f3wki z tamtego miasta (1918-1939)<\/em> \/ Podlaskie Stowarzyszenie Ta\u0144ca<br \/>dzia\u0142ania familijne, pocz\u0105tek: ul. Warszawska 30 (Restauracja Atmosfera)<\/li>\n<li><strong>16:00<\/strong> NOWOSIELSKI Audiovisual Misterium \u2013 Artur Dutkiewicz Trio, Andrzej W\u0105sik visual \/ koncert<br \/>Bia\u0142ostocki Teatr Lalek, ul. Kalinowskiego 1<\/li>\n<li><strong>18:00<\/strong> Mi\u0142ka Malzahn, <em>Dziennik Zmian<\/em> \/ koncert<br \/>BOK\/CLZ, ul. Warszawska 19<\/li>\n<li><strong>19:00<\/strong> Babadag, Kapela ze Wsi Warszawa i Amrat Hussain Brothers Trio \/ koncerty plenerowe<br \/>Rynek Ko\u015bciuszki<\/li>\n<li><strong>22:00<\/strong> KIWI, Jann \/ koncerty<br \/>Bia\u0142ostocki O\u015brodek Kultury, sala Forum, ul. Legionowa 5, bezp\u0142atne wej\u015bci\u00f3wki dost\u0119pne online \u2013 szczeg\u00f3\u0142y wkr\u00f3tce<\/li>\n<\/ul>\n<\/li>\n<li><strong>27 sierpnia 2023 (niedziela)<\/strong>\n<ul>\n<li><strong>10:00<\/strong> <em>W solnickiej \u201ed\u017cungli\u201d \u2013 spacer przyrodniczo-historyczny<\/em>\/ Pawe\u0142 \u015aredzi\u0144ski, Grzegorz Grygoruk<br \/>Las Solnicki i Zwierzyniec, obowi\u0105zuje rejestracja online \u2013 szczeg\u00f3\u0142y wkr\u00f3tce<\/li>\n<li><strong>12:00<\/strong> <em>Osiedle Przydworcowe<\/em> \u2013 spacer edukacyjny \/ Andrzej K\u0142opotowski<br \/>Osiedle Przydworcowe, zbi\u00f3rka przy Rzemie\u015blniku, r\u00f3g ul. \u015bw. Rocha i Sukiennej<\/li>\n<li><strong>14:00<\/strong> Grupa Studnia O. \u2013 <em>Bajki tatarskie<\/em> \/ plenerowy program muzyczny dla dzieci<br \/>altana w ogrodzie meczetu Muzu\u0142ma\u0144skiego Zwi\u0105zku Religijnego w RP, ul. Piastowska 13 F<\/li>\n<li><strong>15:00<\/strong> <em>Zapomniane melodie \u2013 taneczne poczt\u00f3wki z tamtego miasta (1918-1939)<\/em> \/ Podlaskie Stowarzyszenie Ta\u0144ca<\/li>\n<li>dzia\u0142ania familijne, pocz\u0105tek: ul. Warszawska 30 (Restauracja Atmosfera)<\/li>\n<li><strong>16:00<\/strong> Ma\u0142a Orkiestra Dancingowa \/ koncert plenerowy<br \/>Rynek Ko\u015bciuszki<\/li>\n<li><strong>17:00<\/strong> <em>Trzy minuty zawieszone w czasie<\/em>, re\u017c. Bianca Stigter \/ film z prelekcj\u0105 Rafa\u0142a Paw\u0142owskiego<br \/>Bia\u0142ostocki O\u015brodek Kultury, kino Forum, ul. Legionowa 5<\/li>\n<li><strong>18:30<\/strong> \u0141ukasz Ojdana &amp; Mariia Ojdana i Drevo \/ koncert<br \/>Bia\u0142ostocki Teatr Lalek, ul. Kalinowskiego 1<\/li>\n<li><strong>20:00<\/strong> Kobiety Wschodu vol. 4 \/ wydarzenie towarzysz\u0105ce<br \/>Pa\u0142ac Branickich<\/li>\n<\/ul>\n<\/li>\n<\/ul>\n<p>&nbsp;<\/p>\n<p>&nbsp;<\/p>\n","protected":false},"excerpt":{"rendered":"<p>W tym roku w programie czterech wymiar\u00f3w (muzyki, sztuki, filmu, spo\u0142eczno\u015bci) znalaz\u0142o si\u0119 ponad 30 wydarze\u0144, na kt\u00f3re wst\u0119p jest tradycyjnie bezp\u0142atny. 24 sierpnia 2023&#8230;<\/p>\n","protected":false},"author":1,"featured_media":25,"parent":0,"menu_order":0,"comment_status":"closed","ping_status":"closed","template":"","meta":{"footnotes":""},"class_list":["post-130","page","type-page","status-publish","has-post-thumbnail","hentry"],"aioseo_notices":[],"_links":{"self":[{"href":"https:\/\/edycje.innywymiar.bialystok.pl\/2023\/wp-json\/wp\/v2\/pages\/130","targetHints":{"allow":["GET"]}}],"collection":[{"href":"https:\/\/edycje.innywymiar.bialystok.pl\/2023\/wp-json\/wp\/v2\/pages"}],"about":[{"href":"https:\/\/edycje.innywymiar.bialystok.pl\/2023\/wp-json\/wp\/v2\/types\/page"}],"author":[{"embeddable":true,"href":"https:\/\/edycje.innywymiar.bialystok.pl\/2023\/wp-json\/wp\/v2\/users\/1"}],"replies":[{"embeddable":true,"href":"https:\/\/edycje.innywymiar.bialystok.pl\/2023\/wp-json\/wp\/v2\/comments?post=130"}],"version-history":[{"count":26,"href":"https:\/\/edycje.innywymiar.bialystok.pl\/2023\/wp-json\/wp\/v2\/pages\/130\/revisions"}],"predecessor-version":[{"id":657,"href":"https:\/\/edycje.innywymiar.bialystok.pl\/2023\/wp-json\/wp\/v2\/pages\/130\/revisions\/657"}],"wp:featuredmedia":[{"embeddable":true,"href":"https:\/\/edycje.innywymiar.bialystok.pl\/2023\/wp-json\/wp\/v2\/media\/25"}],"wp:attachment":[{"href":"https:\/\/edycje.innywymiar.bialystok.pl\/2023\/wp-json\/wp\/v2\/media?parent=130"}],"curies":[{"name":"wp","href":"https:\/\/api.w.org\/{rel}","templated":true}]}}

<p>W tym roku w programie czterech wymiarów (muzyki, sztuki, filmu, społeczności) znalazło się ponad 30 wydarzeń, na które wstęp jest tradycyjnie bezpłatny.</p>
<ul>
<li><strong>24 sierpnia 2023 (czwartek)</strong>
<ul>
<li><strong>10:00</strong> <em>Jak może brzmieć Twój podcast</em> – warsztaty dla młodzieży / Miłka Malzahn<br />BOK/CLZ, ul. Warszawska 19, obowiązują zapisy – szczegóły wkrótce</li>
<li><strong>13:00</strong> <em>Future/past</em> – warsztaty muzyczne dla młodzieży / Miss God<br />Pracownia Miss God, obowiązują zapisy: missgodmusic@gmail.com</li>
<li><strong>16:30</strong> Lewis Hine – <em>Fotografia zaangażowana</em> / otwarcie wystawy<br />Białostocki Ośrodek Kultury, Klub Fama, ul. Legionowa 5</li>
<li><strong>17:00</strong> Marek Dolecki – <em>Uważne spojrzenie</em> / otwarcie wystawy<br />Białostocki Ośrodek Kultury, ul. Legionowa 5, foyer Forum</li>
<li><strong>18:00</strong> Justyna Mielnikiewicz – <em>W Ukrainie</em> / otwarcie wystawy<br />BOK/CLZ, Warszawska 19</li>
<li><strong>19:00</strong> Sutari / koncert<br />BOK/CLZ, ul. Warszawska 19</li>
<li><strong>20:30</strong> <em>Szkice z Polski</em>, reż. M. Bekaert / film z muzyką na żywo: Polski Piach i prelekcją Michała Pieńkowskiego<br />Białostocki Ośrodek Kultury, kino Forum, ul. Legionowa 5</li>
<li><strong>22:00</strong> Petr Yac, Pin Park / koncerty<br />Białostocki Ośrodek Kultury, klub Fama, ul. Legionowa 5</li>
</ul>
</li>
<li><strong>25 sierpnia 2023 (piątek)</strong>
<ul>
<li><strong>10:00</strong> <em>Jak może brzmieć Twój podcast</em> – warsztaty dla młodzieży / Miłka Malzahn<br />BOK/CLZ, ul. Warszawska 19, obowiązują zapisy – szczegóły wkrótce</li>
<li><strong>13:00</strong> <em>Future/past</em> – warsztaty muzyczne dla młodzieży / Miss God<br />Pracownia Miss God, obowiązują zapisy: missgodmusic@gmail.com</li>
<li><strong>17:00</strong> Biele / koncert<br />BOK/CLZ, ul. Warszawska 19</li>
<li><strong>18:00</strong> Oxford Drama, ARS LATRANS Orchestra, Natalia Szroeder / koncerty plenerowe<br />Rynek Kościuszki</li>
<li><strong>22:00</strong> Kathia, Youth Novels / koncerty<br />Białostocki Ośrodek Kultury, klub Fama, ul. Legionowa 5</li>
</ul>
</li>
<li><strong>26 sierpnia (sobota)</strong>
<ul>
<li><strong>10:00</strong> <em>Jak może brzmieć Twój podcast</em> – warsztaty dla młodzieży / Miłka Malzahn<br />BOK/CLZ, ul. Warszawska 19, obowiązują zapisy – szczegóły wkrótce</li>
<li><strong>10:00</strong> <em>Tajemnice Jaroszówki – spacer przyrodniczo-historyczny</em>/ Paweł Średziński, Grzegorz Grygoruk<br />Pietrasze i Jaroszówka, obowiązuje rejestracja online – szczegóły wkrótce</li>
<li><strong>11:00</strong> Diafilm live,<em> Bajki na taśmach</em> / pokaz bajek z muzyką na żywo dla dzieci 3+<br />Białostocki Ośrodek Kultury, klub Fama, ul. Legionowa 5, obowiązują zapisy</li>
<li><strong>12:00</strong> Dźwięki Przyszłości. Muzyka, Młodzież i Kultura w Białymstoku – debata / Miss God<br />BOK/CLZ, ul. Warszawska 19</li>
<li><strong>14:00</strong> Diafilm live, <em>Bajki na taśmach</em> / pokaz bajek z muzyką na żywo dla rodzin z dziećmi 5+<br />Białostocki Ośrodek Kultury, klub Fama, ul. Legionowa 5, wstęp wolny</li>
<li><strong>15:00</strong> <em>Zapomniane melodie – taneczne pocztówki z tamtego miasta (1918-1939)</em> / Podlaskie Stowarzyszenie Tańca<br />działania familijne, początek: ul. Warszawska 30 (Restauracja Atmosfera)</li>
<li><strong>16:00</strong> NOWOSIELSKI Audiovisual Misterium – Artur Dutkiewicz Trio, Andrzej Wąsik visual / koncert<br />Białostocki Teatr Lalek, ul. Kalinowskiego 1</li>
<li><strong>18:00</strong> Miłka Malzahn, <em>Dziennik Zmian</em> / koncert<br />BOK/CLZ, ul. Warszawska 19</li>
<li><strong>19:00</strong> Babadag, Kapela ze Wsi Warszawa i Amrat Hussain Brothers Trio / koncerty plenerowe<br />Rynek Kościuszki</li>
<li><strong>22:00</strong> KIWI, Jann / koncerty<br />Białostocki Ośrodek Kultury, sala Forum, ul. Legionowa 5, bezpłatne wejściówki dostępne online – szczegóły wkrótce</li>
</ul>
</li>
<li><strong>27 sierpnia 2023 (niedziela)</strong>
<ul>
<li><strong>10:00</strong> <em>W solnickiej „dżungli” – spacer przyrodniczo-historyczny</em>/ Paweł Średziński, Grzegorz Grygoruk<br />Las Solnicki i Zwierzyniec, obowiązuje rejestracja online – szczegóły wkrótce</li>
<li><strong>12:00</strong> <em>Osiedle Przydworcowe</em> – spacer edukacyjny / Andrzej Kłopotowski<br />Osiedle Przydworcowe, zbiórka przy Rzemieślniku, róg ul. św. Rocha i Sukiennej</li>
<li><strong>14:00</strong> Grupa Studnia O. – <em>Bajki tatarskie</em> / plenerowy program muzyczny dla dzieci<br />altana w ogrodzie meczetu Muzułmańskiego Związku Religijnego w RP, ul. Piastowska 13 F</li>
<li><strong>15:00</strong> <em>Zapomniane melodie – taneczne pocztówki z tamtego miasta (1918-1939)</em> / Podlaskie Stowarzyszenie Tańca</li>
<li>działania familijne, początek: ul. Warszawska 30 (Restauracja Atmosfera)</li>
<li><strong>16:00</strong> Mała Orkiestra Dancingowa / koncert plenerowy<br />Rynek Kościuszki</li>
<li><strong>17:00</strong> <em>Trzy minuty zawieszone w czasie</em>, reż. Bianca Stigter / film z prelekcją Rafała Pawłowskiego<br />Białostocki Ośrodek Kultury, kino Forum, ul. Legionowa 5</li>
<li><strong>18:30</strong> Łukasz Ojdana &amp; Mariia Ojdana i Drevo / koncert<br />Białostocki Teatr Lalek, ul. Kalinowskiego 1</li>
<li><strong>20:00</strong> Kobiety Wschodu vol. 4 / wydarzenie towarzyszące<br />Pałac Branickich</li>
</ul>
</li>
</ul>
<p>&nbsp;</p>
<p>&nbsp;</p>

<p>W tym roku w programie czterech wymiarów (muzyki, sztuki, filmu, społeczności) znalazło się ponad 30 wydarzeń, na które wstęp jest tradycyjnie bezpłatny. 24 sierpnia 2023&#8230;</p>
